e
Is 2736 a factor of 46156320?
True
Does 37 divide 6652549?
False
Does 143 divide 131896004?
False
Is 508 a factor of 33679892?
True
Is 990 a factor of 997152451?
False
Is 162 a factor of 1491432227?
False
Is 4 a factor of 1925248?
True
Is 742062176 a multiple of 122?
False
Does 5780 divide 903350420?
True
Is 20665286 a multiple of 1097?
True
Is 106544760 a multiple of 10?
True
Is 180 a factor of 39453199?
False
Is 8 a factor of 9713228?
False
Is 22523378 a multiple of 1126?
True
Is 1917 a factor of 62515716?
False
Does 166 divide 15308520?
True
Is 41339837 a multiple of 138?
False
Is 406565829 a multiple of 1679?
False
Is 15 a factor of 188756070?
True
Is 1444 a factor of 2106871088?
True
Is 24 a factor of 92652000?
True
Is 33 a factor of 20983600?
False
Is 985 a factor of 2698272639?
False
Does 274 divide 365168224?
False
Is 1781181371 a multiple of 354?
False
Does 337 divide 47627199?
True
Is 135 a factor of 30869370?
True
Is 42846550 a multiple of 157?
False
Does 2485 divide 167800660?
False
Is 116122 a multiple of 4?
False
Is 217 a factor of 417945156?
False
Is 64351097 a multiple of 42?
False
Is 16 a factor of 414025664?
True
Does 50 divide 200494589?
False
Is 60575976 a multiple of 57?
False
Does 62 divide 10049995?
False
Is 2417796 a multiple of 366?
True
Is 113320386 a multiple of 10?
False
Does 4540 divide 2229380620?
True
Is 49 a factor of 226814875?
True
Is 1917110835 a multiple of 1215?
True
Is 13 a factor of 41946710?
True
Does 2708 divide 84808440?
False
Does 31 divide 986079617?
False
Is 8151462 a multiple of 66?
True
Is 22876990 a multiple of 14?
False
Does 39 divide 492705882?
False
Does 4238 divide 372532914?
True
Is 28500252 a multiple of 606?
False
Is 30914400 a multiple of 10?
True
Is 83192020 a multiple of 4?
True
Is 22941900 a multiple of 29?
True
Is 27 a factor of 2781729?
True
Is 3 a factor of 2698584?
True
Is 35928240 a multiple of 3326?
False
Is 595087814 a multiple of 16?
False
Is 27 a factor of 2141073?
True
Does 1067 divide 54154009?
False
Is 8537376 a multiple of 148?
False
Does 234 divide 2292249?
False
Does 574 divide 54736640?
True
Is 2682911616 a multiple of 14?
True
Is 39 a factor of 18893121?
True
Does 14 divide 37799699?
False
Is 2639875880 a multiple of 334?
True
Is 277475 a multiple of 11?
True
Does 15 divide 4418461620?
True
Does 913 divide 645194471?
False
Is 205 a factor of 1683088335?
True
Does 22 divide 44784328?
False
Is 13651742 a multiple of 46?
True
Is 18 a factor of 458311458?
False
Is 911887536 a multiple of 244?
True
Is 1923180918 a multiple of 12?
False
Does 6 divide 7525116?
True
Is 283851006 a multiple of 101?
True
Is 195 a factor of 244350600?
True
Does 274 divide 154457088?
True
Is 385922 a multiple of 36?
False
Is 37 a factor of 80743509?
True
Is 468158097 a multiple of 4897?
True
Is 1311 a factor of 42334595?
False
Is 70 a factor of 249292684?
False
Is 51267500 a multiple of 2099?
False
Does 298 divide 3487932954?
True
Is 68 a factor of 159158328?
False
Is 133 a factor of 662218298?
False
Is 26 a factor of 156281008?
True
Does 1514 divide 1006333268?
False
Is 14 a factor of 21568450?
False
Is 2417 a factor of 337132617?
False
Is 11 a factor of 257921007?
False
Is 233 a factor of 76304005?
True
Does 288 divide 10548598?
False
Is 34468294 a multiple of 228?
False
Is 32 a factor of 153758327?
False
Is 35 a factor of 28115976?
False
Does 4601 divide 559303566?
False
Does 2815 divide 276258470?
True
Does 520 divide 256619243?
False
Is 18 a factor of 701658?
True
Does 593 divide 1348983?
False
Is 241 a factor of 15100339?
False
Does 48 divide 1456577232?
True
Is 31 a factor of 18248770?
True
Does 714 divide 842420040?
True
Does 11 divide 77836?
True
Is 3171807 a multiple of 144?
False
Does 44 divide 628172885?
False
Is 19 a factor of 1572108279?
True
Is 11 a factor of 20816620?
True
Is 25 a factor of 1992592105?
False
Is 146 a factor of 124749408?
True
Is 226 a factor of 9195036?
True
Does 96 divide 28209444?
False
Does 67 divide 300628526?
False
Is 1276352545 a multiple of 4213?
False
Is 19 a factor of 1612091905?
False
Is 10406478 a multiple of 208?
False
Is 227 a factor of 9693354?
True
Does 25 divide 1398714425?
True
Does 93 divide 110721615?
True
Is 254685312 a multiple of 56?
True
Does 29 divide 156111?
False
Does 198 divide 355053047?
False
Does 514 divide 562940831?
False
Is 1299956983 a multiple of 13?
True
Is 7 a factor of 297531794?
True
Does 2081 divide 68186299?
False
Is 52 a factor of 406869003?
False
Does 395 divide 218821354?
False
Does 264 divide 123453235?
False
Is 18 a factor of 579102282?
True
Does 14 divide 121149532?
True
Does 246 divide 150946584?
True
Is 2679011982 a multiple of 5118?
True
Does 529 divide 15636711?
True
Is 39 a factor of 27796736?
False
Is 159 a factor of 12950486?
False
Is 89415635 a multiple of 32?
False
Does 957 divide 45939905?
False
Is 754960474 a multiple of 93?
False
Is 20 a factor of 1640162728?
False
Does 71 divide 25714993?
True
Is 32687310 a multiple of 645?
True
Is 93 a factor of 54588257?
False
Is 150301386 a multiple of 1197?
False
Is 634711662 a multiple of 13?
True
Is 176890908 a multiple of 827?
False
Is 11428148 a multiple of 34?
True
Is 329486637 a multiple of 53?
True
Is 375474654 a multiple of 311?
True
Is 110202405 a multiple of 15?
True
Is 20 a factor of 539608013?
False
Is 443924 a multiple of 26?
True
Is 217 a factor of 23767666?
False
Is 12170277 a multiple of 441?
True
Is 32 a factor of 495840067?
False
Is 33281235 a multiple of 3?
True
Is 2249497020 a multiple of 3603?
True
Is 262 a factor of 7559517?
False
Is 28 a factor of 2990428700?
True
Is 344753025 a multiple of 15?
True
Is 2757281 a multiple of 177?
False
Is 35921280 a multiple of 2120?
True
Is 36726760 a multiple of 310?
False
Is 20398100 a multiple of 925?
True
Is 817 a factor of 324737892?
True
Is 654 a factor of 115122966?
True
Is 15054048 a multiple of 32?
True
Does 525 divide 1260606375?
True
Is 1784 a factor of 448151504?
True
Is 20 a factor of 1359560?
True
Is 19121302 a multiple of 301?
False
Does 3288 divide 1540344044?
False
Is 222211649 a multiple of 503?
False
Does 34 divide 1057872314?
False
Does 125 divide 535172250?
True
Is 894 a factor of 364855542?
False
Does 1088 divide 106745296?
False
Is 7 a factor of 357700795?
False
Does 82 divide 345848592?
False
Is 2 a factor of 30557903?
False
Is 58366709 a multiple of 6?
False
Is 88067210 a multiple of 49?
True
Is 1392 a factor of 102927264?
True
Is 92 a factor of 46140083?
False
Does 2 divide 15569490?
True
Does 16 divide 8374976?
True
Is 2113349 a multiple of 2?
False
Is 1784167343 a multiple of 605?
False
Does 662 divide 3973986?
True
Does 12 divide 25831962?
False
Is 33 a factor of 97937829?
True
Is 2611 a factor of 142822600?
False
Does 12 divide 64981512?
True
Is 129 a factor of 18032652?
True
Does 36 divide 137542392?
True
Is 648 a factor of 29048544?
True
Is 142 a factor of 33243378?
False
Is 54 a factor of 561923190?
True
Is 188 a factor of 579615063?
False
Does 29 divide 46364678?
True
Does 77 divide 9570869?
True
Is 10316025 a multiple of 52?
False
Is 33773250 a multiple of 35?
True
Is 25505230 a multiple of 782?
False
Does 213 divide 76018635?
True
Does 14 divide 2432570?
True
Is 6365659384 a multiple of 406?
True
Is 8 a factor of 355024530?
False
Is 2125465 a multiple of 10?
False
Is 90584628 a multiple of 79?
False
Does 2549 divide 1745654611?
True
Is 276 a factor of 63408192?
False
Is 568496279 a multiple of 701?
True
Is 73 a factor of 521379067?
True
Is 3130 a factor of 1664612649?
False
Is 1523 a factor of 42321124?
True
Is 6 a factor of 26740224?
True
Is 65063815 a multiple of 9?
False
Is 95 a factor of 2348715383?
False
Does 216 divide 184586545?
False
Is 47 a factor of 64564570?
False
Does 305 divide 224978980?
True
Is 62 a factor of 246166485?
False
Is 1762 a factor of 56187452?
False
Does 62 divide 10519726?
True
Is 83 a factor of 2443796608?
False
Is 17391150 a multiple of 315?
True
Is 203659380 a multiple of 27?
True
Does 81 divide 31050783?
True
Does 569 divide 163466872?
True
Is 983809770 a multiple of 501?
False
Is 172 a factor of 22788280?
True
Is 13748656 a multiple of 152?
False
Does 842 divide 995963547?
False
Is 2711553840 a multiple of 12?
True
Is 6 a factor of 704158